 24 and 12?
12
What is the highest common factor of 3002 and 76?
38
Calculate the highest common factor of 423 and 4089.
141
Calculate the highest common factor of 8 and 7.
1
Calculate the highest common factor of 9 and 9171.
9
What is the highest common divisor of 666 and 54?
18
What is the greatest common factor of 70 and 658?
14
What is the greatest common factor of 161 and 14?
7
Calculate the highest common divisor of 54 and 2.
2
Calculate the greatest common divisor of 232 and 16.
8
Calculate the greatest common factor of 372 and 516.
12
Calculate the highest common divisor of 11786 and 1562.
142
Calculate the highest common factor of 1088 and 320.
64
Calculate the highest common divisor of 8 and 1784.
8
Calculate the greatest common factor of 2425 and 97.
97
What is the greatest common factor of 544 and 85?
17
Calculate the highest common factor of 2117 and 116.
29
What is the greatest common factor of 69 and 184?
23
What is the highest common divisor of 20 and 530?
10
What is the greatest common factor of 192 and 1200?
48
Calculate the greatest common divisor of 9 and 81.
9
What is the greatest common divisor of 1372 and 112?
28
What is the highest common factor of 357 and 833?
119
What is the greatest common factor of 47 and 58750?
47
What is the greatest common divisor of 152 and 190?
38
Calculate the highest common divisor of 40 and 256.
8
Calculate the highest common divisor of 115 and 414.
23
What is the greatest common divisor of 616 and 16324?
308
Calculate the greatest common factor of 2160 and 160.
80
What is the highest common divisor of 33680 and 40?
40
What is the highest common factor of 105 and 140?
35
Calculate the highest common factor of 209 and 11.
11
Calculate the highest common factor of 11 and 33.
11
Calculate the greatest common divisor of 408 and 6664.
136
What is the highest common factor of 378 and 105?
21
Calculate the greatest common divisor of 1308 and 66.
6
What is the highest common divisor of 17 and 187?
17
Calculate the greatest common factor of 1240 and 40.
40
What is the greatest common factor of 95 and 7125?
95
Calculate the greatest common divisor of 132 and 44.
44
Calculate the greatest common divisor of 2244 and 1892.
44
Calculate the greatest common factor of 98 and 448.
14
Calculate the greatest common divisor of 77 and 29491.
77
Calculate the greatest common divisor of 19 and 120707.
19
Calculate the greatest common factor of 495 and 1287.
99
What is the highest common factor of 190 and 817?
19
What is the highest common divisor of 1065 and 45?
15
Calculate the greatest common factor of 3995 and 1615.
85
Calculate the greatest common divisor of 10 and 18.
2
What is the highest common divisor of 143 and 2717?
143
Calculate the greatest common divisor of 6480 and 6075.
405
What is the highest common factor of 639 and 497?
71
What is the highest common divisor of 74 and 74?
74
What is the highest common factor of 1358 and 14?
14
Calculate the highest common factor of 18 and 171.
9
What is the highest common divisor of 57148 and 364?
364
What is the highest common divisor of 2961 and 63?
63
Calculate the greatest common factor of 30 and 345.
15
What is the greatest common divisor of 1088 and 64?
64
What is the greatest common divisor of 366 and 3538?
122
Calculate the greatest common divisor of 30 and 18.
6
Calculate the greatest common factor of 2349 and 87.
87
Calculate the highest common factor of 6 and 24.
6
Calculate the greatest common divisor of 43 and 3.
1
What is the highest common factor of 14 and 280?
14
Calculate the greatest common factor of 26 and 10127.
13
What is the greatest common factor of 398 and 3383?
199
Calculate the highest common divisor of 264 and 11.
11
What is the highest common divisor of 8 and 196?
4
Calculate the highest common divisor of 1300 and 1900.
100
Calculate the greatest common divisor of 54 and 594.
54
Calculate the highest common factor of 37 and 629.
37
Calculate the greatest common factor of 523 and 3.
1
What is the highest common divisor of 29 and 261?
29
Calculate the greatest common divisor of 1856 and 56.
8
What is the greatest common divisor of 102 and 61098?
102
Calculate the highest common divisor of 1008 and 42.
42
Calculate the greatest common divisor of 32 and 688.
16
Calculate the highest common divisor of 160 and 8.
8
What is the highest common divisor of 3296 and 32?
32
Calculate the highest common factor of 25 and 5275.
25
What is the greatest common factor of 5360 and 2278?
134
Calculate the highest common divisor of 486 and 6.
6
What is the greatest common factor of 13 and 299?
13
What is the greatest common divisor of 40 and 200?
40
Calculate the highest common divisor of 14 and 2.
2
Calculate the highest common divisor of 9 and 2529.
9
What is the greatest common factor of 22 and 66?
22
Calculate the highest common divisor of 5740 and 280.
140
What is the highest common factor of 40 and 30?
10
Calculate the greatest common divisor of 38 and 32471.
19
What is the greatest common factor of 535 and 40?
5
Calculate the highest common factor of 119 and 63.
7
What is the highest common factor of 3640 and 1190?
70
What is the highest common factor of 1660 and 8?
4
What is the highest common factor of 864 and 64?
32
What is the highest common divisor of 213 and 33512?
71
Calculate the greatest common factor of 228 and 7372.
76
Calculate the highest common factor of 30 and 4410.
30
What is the highest common factor of 74 and 2701?
37
What is the greatest common factor of 816 and 4692?
204
What is the greatest common factor of 36 and 156?
12
Calculate the greatest common divisor of 399 and 38.
19
What is the highest common factor of 54 and 1458?
54
What is the greatest common divisor of 35 and 91?
7
Calculate the greatest common factor of 1083 and 171.
57
What is the greatest common divisor of 8 and 100?
4
What is the highest common divisor of 21630 and 140?
70
What is the highest common divisor of 2001 and 783?
87
Calculate the highest common divisor of 13 and 247.
13
Calculate the greatest common divisor of 50 and 50.
50
What is the greatest common divisor of 731 and 85?
17
What is the greatest common factor of 469 and 21?
7
What is the highest common divisor of 24 and 744?
24
Calculate the highest common divisor of 216 and 244.
4
Calculate the highest common divisor of 36 and 99.
9
What is the greatest common divisor of 16878 and 97?
97
What is the highest common factor of 264 and 99?
33
What is the greatest common factor of 165 and 30?
15
Calculate the greatest common divisor of 12 and 12.
12
What is the highest common divisor of 9 and 1737?
9
What is the highest common divisor of 528 and 1104?
48
What is the greatest common factor of 33 and 407?
11
Calculate the greatest common divisor of 37 and 185.
37
Calculate the greatest common factor of 918 and 60.
6
Calculate the highest common factor of 31 and 7936.
31
Calculate the greatest common factor of 205 and 45.
5
Calculate the greatest common factor of 10 and 3112.
2
Calculate the highest common factor of 7 and 8974.
7
Calculate the highest common divisor of 13197 and 498.
249
Calculate the greatest common divisor of 336 and 768.
48
Calculate the highest common divisor of 6540 and 3488.
436
What is the greatest common factor of 1 and 251?
1
Calculate the greatest common factor of 1219 and 53.
53
Calculate the greatest common factor of 25289 and 209.
209
Calculate the greatest common factor of 126 and 7266.
42
What is the greatest common divisor of 3 and 374?
1
Calculate the greatest common factor of 74 and 3330.
74
What is the greatest common divisor of 255 and 8075?
85
Calculate the greatest common factor of 14 and 1.
1
Calculate the highest common divisor of 18 and 288.
18
Calculate the highest common divisor of 15800 and 25.
25
What is the highest common divisor of 5730 and 30?
30
Calculate the highest common divisor of 45 and 270.
45
Calculate the greatest common factor of 1872 and 117.
117
What is the greatest common divisor of 28203 and 238?
119
What is the greatest common divisor of 462 and 84?
42
What is the highest common factor of 100 and 125?
25
What is the greatest common divisor of 81 and 729?
81
What is the highest common factor of 598 and 46?
46
Calculate the highest common 